= 6 - 5. Let z be u(b). Suppose w + z = -4*w. Let v(k) = k**2 + 5*k - 3. What is v(w)?
-3
Let d(s) be the third derivative of 1/120*s**6 + 0*s + 30*s**2 - 1/2*s**3 + 0 + 1/12*s**4 - 1/20*s**5. What is d(2)?
-3
Let s(k) = 1251 + 4*k - 1244 - k**2 + k. Let x(b) = -b**2 + 6*b + 8. Let r(w) = -4*s(w) + 3*x(w). Give r(5).
11
Let x = 141 + -139. Let o(t) = t**2 + 3*t - 3. Calculate o(x).
7
Suppose 0 = -3*p - 24 + 3. Let z(v) = 3*v - 48*v**2 + 41*v**2 - v - v - v**3 + 9. Calculate z(p).
2
Let p(u) be the first derivative of -u**4/4 - u**3/3 + 2*u - 1353. Let r = 3 - 6. Give p(r).
20
Let l = -14 - -22. Let m = l + -4. Suppose 0 = m*k + k - 30. Let b(v) = -v + 13. Give b(k).
7
Let g(s) be the first derivative of -2/3*s**3 + 2*s - 3/2*s**2 - 7. Suppose -2*j + 4*p = 18, -3 = -3*j - 4*p - 0. Give g(j).
-7
Let q(l) be the first derivative of 1/4*l**4 + 8/3*l**3 - 1 + 7/2*l**2 + l. Calculate q(-7).
1
Let k(a) = -3*a - 4. Let h be 16/(1*-1)*(-1)/4. What is k(h)?
-16
Suppose -6*c - 43 + 79 = 0. Let p(s) = -s**3 + 5*s**2 + 5*s - 3. Give p(c).
-9
Let h(j) = -j**3 - 8*j**3 - 15 + 8*j**3 - 11*j - 11*j**2. Give h(-10).
-5
Let m(w) = 10 + 2*w**2 - 13*w + w**3 - 10*w**2 + 2 + w. Calculate m(9).
-15
Let h(r) = r**3 + 2*r**2 + 2*r + 2. Suppose -6*o - 157 = -145. Calculate h(o).
-2
Let i(w) = 16*w**2 + w. Let k(c) = 2*c - 2. Let r(o) = 4*o - 3. Let n(u) = 5*k(u) - 2*r(u). Let h be n(4). Suppose 6*g = 2*g + h. Calculate i(g).
17
Let k = -144 + 140. Let g(r) = -2*r**2 - 2*r. Determine g(k).
-24
Let x(f) = -25*f - 15. Let b(c) = -7*c - 5. Let a(n) = 21*b(n) - 6*x(n). What is a(11)?
18
Let v be (-10)/(-4)*(0/(-2) - 2). Let n(q) = 4*q - 11. Let c(r) = -7*r + 21. Let d(k) = v*n(k) - 3*c(k). Determine d(4).
-4
Let i(l) = -l - 4. Let d(f) = -2*f + 3 + 0*f + 0 + 3*f. Let t(g) = -7*d(g) - 5*i(g). Let m = -13 + 7. Give t(m).
11
Let p be (24/28 + 0)/(6/28). Let a(k) = -2*k + 3. Determine a(p).
-5
Let g(o) = -o**2 + 9*o - 14. Let k be 6/(-4)*(-2)/15*40. Give g(k).
-6
Let r be ((-10)/(-3))/((-2)/3). Let u(s) = 5*s - 1 + 76*s**3 - 158*s**3 + 0 + 81*s**3 - 4*s**2. What is u(r)?
-1
Let i(b) = 9*b**2 - 4*b**2 - 4*b**2 - 7*b - 4*b**2. Let j be i(-3). Let u(y) = -y**2 - 4*y - 6. Calculate u(j).
-18
Let z(j) = -3*j + 18*j - 13*j - 8*j + 2*j**2. Let m(o) = 3*o**2 - 6*o + 1. Let s(u) = -3*m(u) + 4*z(u). Let t = 11 - 18. Give s(t).
-10
Let x be (-2)/(-1 - (-1 + 2)). Let o(m) be the first derivative of 5/3*m**3 + m**2 + 2 - m. Calculate o(x).
6
Suppose -23*q - 42 = 165. Let n(c) = -c**3 - 8*c**2 + 10*c + 5. Determine n(q).
-4
Let f(x) be the second derivative of -x**4/3 + x**2/2 + 2*x. Suppose -3*n = 5*c + 23, -3*n + 3*c - 19 = 4*c. Let o be 4/((-36)/3) + (-8)/n. Give f(o).
-3
Let k(u) = -1 - 4*u + 1. Let s(z) = -4*z**2 - 100*z - 94. Let p be s(-24). What is k(p)?
-8
Suppose -31*y + 32*y - 6 = -2*w, -w - 2 = -2*y. Let i(r) be the second derivative of 0 + 1/3*r**4 + 1/20*r**5 - 3/2*r**w - 8*r + 1/2*r**3. What is i(-3)?
-3
Suppose 0 = 2*m - 13*m + 44. Let w(l) = 6*l + 5*l**2 + 5*l - 10*l - 3 - m*l**2. Give w(-3).
3
Suppose -29 - 27 = 8*p. Let a(m) = -3*m - 17. Let h be a(p). Let n(r) = r**2 - 2*r + 5. Calculate n(h).
13
Let u(w) be the first derivative of -3*w**2/2 - 21*w + 21. Calculate u(-8).
3
Let p(r) = -4*r**2 + r + 1. Let q = 47 + -37. Suppose -q*x - 5 = -5*x. Determine p(x).
-4
Let q(f) be the third derivative of -1/24*f**4 + 0*f - 4/3*f**3 + 0 + 11*f**2. Calculate q(-8).
0
Let d = -323 + 326. Let v(x) = -5*x**2 - 3*x - 8. Let y(o) = -14*o**2 - 8*o - 23. Let j(w) = -17*v(w) + 6*y(w). What is j(d)?
16
Let v(i) be the second derivative of -i**4/12 - i**3 - 7*i**2/2 - 5*i + 4. Let c(m) = 0 + 0*m + 4 - 2*m + 3. Let h be c(6). What is v(h)?
-2
Let g(h) = 15*h**3 - 5*h**2 - 11*h - 28. Let d(v) = 7*v**3 - 2*v**2 - 5*v - 13. Let x(t) = -13*d(t) + 6*g(t). Suppose 0 = -5*o - 15 - 0. Give x(o).
-5
Let d = -3 + -2. Let u(v) = 2*v - 44*v - 1 - 6*v**2 + 36*v - v**3. Determine u(d).
4
Let k(u) be the second derivative of -u**4/12 + 7*u**3/6 - u**2/2 + 5*u - 20. What is k(8)?
-9
Let b(o) = -6*o**2 + 5. Let s(v) = -6*v**2 + v + 3. Let g(i) = 4*b(i) - 5*s(i). Calculate g(2).
19
Let s(y) be the first derivative of -y**4/4 + y**2/2 - y - 5. Suppose 2*k + 7*k + 0*k = 0. Determine s(k).
-1
Let y(t) = t**2 - 5*t. Let i(v) = -v**3 - 10*v**2 + 11*v + 4. Let s be i(-11). Suppose -s*j + 7 + 5 = 0. Give y(j).
-6
Let n(l) = -6 - 5*l**2 + l - 10 + l**3 - 2*l + 13. Let u(r) = -3*r - 4. Let j be u(-3). Give n(j).
-8
Suppose -10*v + 25 - 15 = 0. Let n(o) = -o**3 - 2*o + 1. What is n(v)?
-2
Let c(p) = p**3 - 4*p**2 + 4*p - 3. Let v(q) = -3*q**2 - 3*q - 1. Let b be v(-3). Let r = -9 - b. Suppose 1 - r = -3*l. Determine c(l).
0
Suppose -5*v + 4*v = 4*n - 18, -2*v + n = 0. Let s(f) = 4*f**2 + f - 1 - 5*f - 3*f**v. Suppose 4*w - 4*g - 2 - 18 = 0, -5*g = 5*w - 15. Calculate s(w).
-1
Let p(r) = 1 - 4 - 67192*r**2 - 3*r + 67184*r**2. Give p(-2).
-29
Suppose -253*n = -206*n - 517. Let q(t) = -t**2 + 9*t + 18. Calculate q(n).
-4
Let k(a) be the first derivative of -a**3/3 + 3*a**2/2 - 4*a + 8. Suppose 4*u + 22 = 4*y + 2*u, 23 = y - 4*u. Let c be k(y). Let i(d) = -d + 2. What is i(c)?
6
Let j(c) be the second derivative of -c**3 + 9*c**2/2 + 61*c. What is j(0)?
9
Let l(g) be the second derivative of g**4/12 - g**3 + 4*g**2 - 67*g. Suppose -22 + 4 = -3*y. What is l(y)?
8
Suppose 6*d - 13*d + 21 = 0. Let i(o) = -8*o - o**2 - 3009*o**3 + 3010*o**d - 5*o**2. Calculate i(7).
-7
Suppose -1 + 13 = -3*p + 3*a, 2*a = -2*p - 4. Let z(q) = -q**3 - 2*q**2 + 2*q - 1. Calculate z(p).
2
Let y(g) be the second derivative of -g**5/20 - 7*g**4/12 - 3*g**3/2 - 2*g**2 + 41*g. Calculate y(-6).
14
Let y(g) = -g**2 - g + 1. Suppose -11*j = -9*j + 3*t + 21, t + 14 = -3*j. Calculate y(j).
-5
Let u(j) = -3*j + 17. Let c(t) = 6*t - 35. Let r(d) = -6*c(d) - 11*u(d). Calculate r(7).
2
Let a = 313 + -320. Let p(t) = 3*t + 20. What is p(a)?
-1
Let x(b) = 104*b + 2. Let d(m) = 129*m + 3. Let p(w) = 4*d(w) - 5*x(w). Suppose 0 = -o - 0*o + 4. Determine p(o).
-14
Let t(m) = -7*m + 6. Let a be (215/129)/((-1 - 1)/(-6)). Calculate t(a).
-29
Let s be (-1 - 50/(-12)) + (-1)/6. Let m(r) = 5*r**3 + 0*r**3 - r**2 - r**3 - 5*r**s + 4. Let y(v) = v**3 - 5*v**2 - v + 5. Let c be y(5). Determine m(c).
4
Let l(r) = -2*r - 19. Suppose -4*n - 56 = 4*k, -2*k + 6*n - 3*n = 3. Determine l(k).
-1
Let t(q) = -q - 1. Let v be -6*(420/8)/(-7). Suppose v + 3 = -8*a. Give t(a).
5
Let r(g) = -g**2 - 5*g**2 + 3*g**2 + 19*g + 21 - 46 + 21. Give r(6).
2
Let t(s) = -6*s + 10. Let a be t(1). Let z(j) = -j**3 + 3*j**2 + 2*j + 4. Calculate z(a).
-4
Let x(m) be the second derivative of -3*m + 3/4*m**4 + 0 + 0*m**2 + 0*m**3 + 1/72*m**6 + 1/120*m**5. Let d(z) be the third derivative of x(z). What is d(1)?
11
Let j(t) be the first derivative of 3*t**2/2 - 2*t - 155. Suppose 6*w - 2*w = -4*p - 28, -2*w = -p - 1. Calculate j(w).
-8
Let r(g) = -g**2 - 5*g + 2. Let c be r(-4). Let l(b) = 0 + 6*b - 11*b + c + 9*b. Give l(-4).
-10
Suppose v + 2*y = 3, -3*v + 2*y - 8 + 25 = 0. Suppose 0 = -3*d + 9, 5*w + d = 18 + v. Let c(g) = -g + 4. What is c(w)?
0
Let k(m) = -m + 6. Let r(a) = a**3 + 2*a**2 + 9. Let u be r(-3). Suppose u = 7*x - 9*x + 5*h + 24, -5*x + 45 = -5*h. Give k(x).
-1
Suppose 0 = -2*r + 4 + 4. Suppose 15 = 5*j - h, -6*h + h = r*j + 17. Let a(d) = -d**2 - 7*d**3 - 12 + 11 + 0*d**j + 2*d. Give a(1).
-7
Let f(w) = -454*w**3 - 8*w - 7 + 0*w**2 + 5*w**2 - 454*w**3 + 909*w**3. Determine f(-6).
5
Let g(b) = -2 - b**2 + 2*b**2 - 2*b**2 - 44*b + 48*b. Let v be -2 + 3 + (-3 - -5). What is g(v)?
1
Let o be 14/4 + 2/4. Let n(s) = 4*s + 2754613 - 5*s**2 + s**3 - 2754613. Determine n(o).
0
Let t(c) = -6 + 0 + c**3 - 5*c**2 + 5. Suppose -4*q = 4*l, -2*l - 3*q - 7 = -2. What is t(l)?
-1
Let y(a) be the first derivative of -3*a - 5 - 1/3*a**3 - 5/2*a**2. Let r = -13 + 9. What is y(r)?
1
Let u(w) = w**3 - 9*w**2 + 10*w - 25. Let i be 5*(-4)/30*-12. Determine u(i).
-9
Let t(z) = -z - 3. Let m(b) = b - 2. Let q be m(0). Let y(a) = a**2 - 2*a - 2. Let j be y(q). What is t(j)?
-9
Let c(z) be the third derivative of 0*z + 0 - 1/120*z**6 - 1/12*z**4 + 1/2*z**3 + 1/15*z**5 + 2*z**2. Suppose 0 = -l - 3*l + 16. What is c(l)?
-5
Suppose -5*h + 2*y - 20 = -59, 0 = h - 5*y - 17. Let j = -7 + h. Suppose -i + j*i - 5 = 0. 